 composite?
True
Is 56921 prime?
True
Is 15971 prime?
True
Is 2723 prime?
False
Is 180655 prime?
False
Is 153817 a composite number?
False
Is 114967 composite?
False
Is 108727 a prime number?
True
Is 40811 composite?
True
Is 44467 a composite number?
True
Is 160343 prime?
True
Is 21461 a prime number?
False
Is 60859 a composite number?
False
Is 1966 prime?
False
Is 3587 prime?
False
Is 901 a composite number?
True
Is 851 composite?
True
Is 1651 a composite number?
True
Is 6065 a prime number?
False
Is 114971 prime?
False
Is 323819 composite?
False
Is 152251 prime?
False
Is 6541 a prime number?
False
Is 17953 a prime number?
False
Is 43123 a prime number?
False
Is 25093 composite?
True
Is 66911 a composite number?
True
Is 251 composite?
False
Is 559819 composite?
True
Is 45427 a composite number?
False
Is 2523413 a prime number?
True
Is 1371259 a prime number?
True
Is 21233 prime?
False
Is 62079 a prime number?
False
Is 27035 composite?
True
Is 23801 prime?
True
Is 12197 a prime number?
True
Is 82891 composite?
False
Is 6051 prime?
False
Is 63353 a prime number?
True
Is 178023 a prime number?
False
Is 14078 a prime number?
False
Is 39877 a composite number?
False
Is 64553 a composite number?
False
Is 2329 a prime number?
False
Is 80349 a prime number?
False
Is 818641 a composite number?
True
Is 71014 a composite number?
True
Is 3217187 composite?
True
Is 1056841 prime?
False
Is 46747 a composite number?
False
Is 47599 composite?
False
Is 4271 composite?
False
Is 5998 composite?
True
Is 123017 a composite number?
False
Is 6947 composite?
False
Is 5017 prime?
False
Is 2246297 a prime number?
True
Is 208979 composite?
True
Is 79669 a prime number?
True
Is 12811 a composite number?
True
Is 355811 prime?
True
Is 98597 a composite number?
False
Is 480893 prime?
False
Is 1637 composite?
False
Is 27821 prime?
False
Is 139169 composite?
False
Is 14909 a prime number?
False
Is 1082 prime?
False
Is 245251 prime?
True
Is 8999 composite?
False
Is 5749 a composite number?
False
Is 68437 prime?
True
Is 2203 prime?
True
Is 26237 a composite number?
False
Is 80059 composite?
True
Is 4031 a prime number?
False
Is 57217 prime?
False
Is 3949 a prime number?
False
Is 413 prime?
False
Is 71138 a composite number?
True
Is 87211 a prime number?
True
Is 9863 composite?
True
Is 94803 a prime number?
False
Is 114713 composite?
False
Is 5381 a prime number?
True
Is 8413 composite?
True
Is 13613 composite?
False
Is 331217 prime?
True
Is 81245 composite?
True
Is 1253 a composite number?
True
Is 7233 composite?
True
Is 3571 a prime number?
True
Is 7811 a composite number?
True
Is 105437 a composite number?
False
Is 330683 prime?
True
Is 1823 composite?
False
Is 13987 a prime number?
False
Is 5437 a prime number?
True
Is 126771 a composite number?
True
Is 3035 a composite number?
True
Is 6173 prime?
True
Is 40739 prime?
True
Is 3937 prime?
False
Is 7197 prime?
False
Is 387461 a composite number?
True
Is 7286 a composite number?
True
Is 11555 prime?
False
Is 97243 prime?
False
Is 309511 composite?
True
Is 57839 composite?
False
Is 6217 composite?
False
Is 14387 composite?
False
Is 207941 a prime number?
True
Is 11459 composite?
True
Is 380483 composite?
False
Is 4703 a prime number?
True
Is 158393 composite?
False
Is 31701 a composite number?
True
Is 215051 a prime number?
True
Is 2921 composite?
True
Is 217271 a composite number?
False
Is 131873 a prime number?
False
Is 27263 prime?
False
Is 9979 a prime number?
False
Is 102259 a composite number?
False
Is 64747 prime?
True
Is 72161 a composite number?
False
Is 23663 prime?
True
Is 1211 prime?
False
Is 47567 prime?
False
Is 9722 a prime number?
False
Is 66569 a composite number?
False
Is 214499 composite?
False
Is 576497 composite?
True
Is 46387 a composite number?
True
Is 11671 composite?
True
Is 789121 a composite number?
False
Is 184251 composite?
True
Is 33443 composite?
True
Is 23015 a prime number?
False
Is 125591 composite?
False
Is 611 a prime number?
False
Is 20477 prime?
True
Is 12473 composite?
False
Is 23377 composite?
True
Is 3723719 a prime number?
True
Is 396383 a prime number?
False
Is 584993 a composite number?
False
Is 94903 composite?
False
Is 5855 prime?
False
Is 1034339 composite?
False
Is 251287 a prime number?
True
Is 439961 prime?
True
Is 42239 a composite number?
False
Is 13643 a prime number?
False
Is 218213 a composite number?
False
Is 8147 composite?
False
Is 10529 a composite number?
False
Is 404483 a prime number?
True
Is 403089 composite?
True
Is 315961 a prime number?
True
Is 1973 prime?
True
Is 41579 composite?
False
Is 42193 prime?
True
Is 431083 a prime number?
True
Is 213461 a composite number?
False
Is 18301 composite?
False
Is 213511 a composite number?
True
Is 10211 composite?
False
Is 748903 prime?
False
Is 27397 a composite number?
False
Is 30293 a prime number?
True
Is 235897 composite?
True
Is 3030603 a prime number?
False
Is 113923 a prime number?
False
Is 14567 a composite number?
True
Is 5359 a prime number?
False
Is 2302 a prime number?
False
Is 91849 composite?
True
Is 1439 prime?
True
Is 73009 prime?
True
Is 7177 prime?
True
Is 16381 prime?
True
Is 18013 composite?
False
Is 108323 prime?
False
Is 4141 a composite number?
True
Is 3630277 a prime number?
False
Is 727541 a composite number?
False
Is 5189 a prime number?
True
Is 2209 prime?
False
Is 75961 prime?
False
Is 151843 a prime number?
False
Is 35515 a composite number?
True
Is 5249 a prime number?
False
Is 1931 composite?
False
Is 157345 a prime number?
False
Is 76481 a prime number?
True
Is 6773 a prime number?
False
Is 9797 a prime number?
False
Is 63887 composite?
True
Is 9689 a prime number?
True
Is 16015 composite?
True
Is 13033 prime?
True
Is 864979 a composite number?
False
Is 388991 composite?
False
Is 205658 composite?
True
Is 18041 composite?
False
Is 2777 a prime number?
True
Is 13318 a composite number?
True
Is 5158 a prime number?
False
Is 390605 composite?
True
Is 33247 prime?
True
Is 3903 composite?
True
Is 9431 composite?
False
Is 26581 a composite number?
True
Is 797 composite?
False
Is 9637 composite?
True
Is 8749 a composite number?
True
Is 933643 a composite number?
False
Is 20789 composite?
False
Is 1179889 a prime number?
False
Is 194543 a prime number?
True
Is 5381 composite?
False
Is 172477 prime?
False
Is 51449 composite?
False
Is 270346 prime?
False
Is 2859 a composite number?
True
Is 532307 a prime number?
True
Is 2843 a composite number?
False
Is 32017 prime?
False
Is 7057 a prime number?
True
Is 1015262 a prime number?
False
Is 11311 a composite number?
False
Is 139613 composite?
True
Is 73345 a composite number?
True
Is 98179 composite?
False
Is 55753 prime?
False
Is 252949 a prime number?
True
Is 3491 composite?
False
Is 1615659 a composite number?
True
Is 30553 a composite number?
False
Is 383573 composite?
False
Is 6931 a prime number?
False
Is 10313 a prime number?
True
Is 7118 a composite number?
True
Is 421517 a composite number?
False
Is 3593 a prime number?
True
Is 26581 a composite number?
True
Is 4391 a prime number?
True
Is 83815 composite?
True
Is 21487 a prime number?
True
Is 8791 prime?
False
Is 1559 a prime number?
True
Is 918409 a prime number?
False
Is 85571 a composite number?
False
Is 791949 a prime number?
False
Is 680197 prime?
False
Is 5951 prime?
False
Is 50465 composite?
True
Is 626495 a composite number?
True
Is 450491 a prime number?
False
Is 2359 a prime number?
False
Is 1314509 prime?
False
Is 62209 composite?
True
Is 623209 a composite number?
False
Is 6049 prime?
False
Is 657973 a composite number?
False
Is 4751 a prime number?
True
Is 27971 a prime number?
False
Is 5557 a composite number?
False
Is 2279 composite?
True
Is 189209 a composite number?
True
Is 5533 prime?
False
Is 16591 composite?
True
Is 18587 a composite number?
False
Is 517 a prime number?
False
Is 2933 a composite number?
True
Is 49483 composite?
True
Is 7393 a composite number?
False
Is 194965 composite?
True
Is 3401 composite?
True
Is 220973 a composite number?
False
Is 89801 a composite number?
True
Is 55153 a composite number?
True
Is 7069 a composite number?
False
Is 723929 a composite number?
True
Is 183437 a prime number?
True
Is 826017 a prime number?
False
Is 11743 a prime number?
T